{"id":6,"date":"2017-07-17T22:09:49","date_gmt":"2017-07-17T22:09:49","guid":{"rendered":"http:\/\/www.europeano.de\/content\/?page_id=6"},"modified":"2017-07-23T17:58:33","modified_gmt":"2017-07-23T17:58:33","slug":"defintion-plansprachen","status":"publish","type":"page","link":"https:\/\/www.europeano.de\/content\/defintion-plansprachen\/","title":{"rendered":"Begriffsdefintion Plansprachen"},"content":{"rendered":"<blockquote><p>Als <a title=\"\\&quot;Plansprache\\&quot;\" href=\"\\&quot;https:\/\/de.wikipedia.org\/wiki\/Plansprache\\&quot;\">Plansprachen<\/a> bezeichnet man jene konstruierten Sprachen, die f\u00fcr zwischenmenschliche Kommunikation geschaffen wurden. Am h\u00e4ufigsten ist das Ziel, internationale Verst\u00e4ndigung zwischen verschiedenen Kulturen zu erleichtern \u2013 in diesem Fall spricht man auch von <i>Welthilfssprachen<\/i>.<\/p><\/blockquote>\n<p>Quelle: Wikipedia<\/p>\n","protected":false},"excerpt":{"rendered":"<p>Als Plansprachen bezeichnet man jene konstruierten Sprachen, die f\u00fcr zwischenmenschliche Kommunikation geschaffen wurden. Am h\u00e4ufigsten ist das Ziel, internationale Verst\u00e4ndigung zwischen verschiedenen Kulturen zu erleichtern \u2013 in diesem Fall spricht man auch von Welthilfssprachen. Quelle: Wikipedia<\/p>\n","protected":false},"author":1,"featured_media":0,"parent":0,"menu_order":0,"comment_status":"closed","ping_status":"closed","template":"","meta":{"footnotes":""},"class_list":["post-6","page","type-page","status-publish","hentry"],"aioseo_notices":[],"_links":{"self":[{"href":"https:\/\/www.europeano.de\/content\/wp-json\/wp\/v2\/pages\/6","targetHints":{"allow":["GET"]}}],"collection":[{"href":"https:\/\/www.europeano.de\/content\/wp-json\/wp\/v2\/pages"}],"about":[{"href":"https:\/\/www.europeano.de\/content\/wp-json\/wp\/v2\/types\/page"}],"author":[{"embeddable":true,"href":"https:\/\/www.europeano.de\/content\/wp-json\/wp\/v2\/users\/1"}],"replies":[{"embeddable":true,"href":"https:\/\/www.europeano.de\/content\/wp-json\/wp\/v2\/comments?post=6"}],"version-history":[{"count":2,"href":"https:\/\/www.europeano.de\/content\/wp-json\/wp\/v2\/pages\/6\/revisions"}],"predecessor-version":[{"id":38,"href":"https:\/\/www.europeano.de\/content\/wp-json\/wp\/v2\/pages\/6\/revisions\/38"}],"wp:attachment":[{"href":"https:\/\/www.europeano.de\/content\/wp-json\/wp\/v2\/media?parent=6"}],"curies":[{"name":"wp","href":"https:\/\/api.w.org\/{rel}","templated":true}]}}

<blockquote><p>Als <a title="\&quot;Plansprache\&quot;" href="\&quot;https://de.wikipedia.org/wiki/Plansprache\&quot;">Plansprachen</a> bezeichnet man jene konstruierten Sprachen, die für zwischenmenschliche Kommunikation geschaffen wurden. Am häufigsten ist das Ziel, internationale Verständigung zwischen verschiedenen Kulturen zu erleichtern – in diesem Fall spricht man auch von <i>Welthilfssprachen</i>.</p></blockquote>
<p>Quelle: Wikipedia</p>

<p>Als Plansprachen bezeichnet man jene konstruierten Sprachen, die für zwischenmenschliche Kommunikation geschaffen wurden. Am häufigsten ist das Ziel, internationale Verständigung zwischen verschiedenen Kulturen zu erleichtern – in diesem Fall spricht man auch von Welthilfssprachen. Quelle: Wikipedia</p>
